e the prime factors of h(f)?
2, 3
Suppose 5*k - 2*d - 2075 = -453, -976 = -3*k + 4*d. What are the prime factors of k?
2, 3
Let l = -10 + 15. Suppose -9 = -2*z + l. List the prime factors of z.
7
Let v(b) = b**2 + 5*b - 18. Let i be v(-8). What are the prime factors of 52/i + 3/9?
3
Let k be (-2)/(-10) - (-145)/25. List the prime factors of (k/(-9))/(4/(-72)).
2, 3
Suppose -3*o - 64 + 268 = 0. What are the prime factors of o?
2, 17
Suppose 18 = 2*j - 4*f, j + 3*f = -3*j + 58. What are the prime factors of j?
13
Suppose -2*c - 65 - 31 = 0. Let v be c/(-28) + 4/14. Suppose 0 = -2*k + 2*t - 4, 12 = v*k + 3*t - 9. What are the prime factors of k?
3
Let x be -3*(1 + 2/(-6)). Let b be (1/x)/(3/(-36)). Suppose b = r - 1. List the prime factors of r.
7
Let o be 0 + 1 + 0 + 2. Suppose -5 = a, o*a + 50 = 5*x - 0*a. What are the prime factors of x?
7
Suppose -20 = -2*x + x. Suppose -3*t - 2*t = -x. List the prime factors of t.
2
Suppose 6*a - a - 430 = 0. List the prime factors of a.
2, 43
Let o = -2 - -7. Suppose -o - 5 = -2*n. List the prime factors of n.
5
Suppose -t + 3*y = -0*y + 12, y - 4 = 3*t. Suppose -83 = -5*g + f, t = -2*g - f + 21 + 8. List the prime factors of g.
2
Let g be (74/(-4))/(2/4). Suppose -5*o - 165 = -2*o. Let u = g - o. What are the prime factors of u?
2, 3
Let f be -2*(2 - 5/2). Let u be ((-24)/16)/(f/(-2)). Suppose -2*a + u*a - 9 = 0. List the prime factors of a.
3
Let z = 7 + -16. What are the prime factors of z/5*(-30)/9?
2, 3
Suppose -3*w + 4*w - 907 = -4*y, w = -1. List the prime factors of y.
227
Let v(c) = c**3 - c**2 - 2*c - 1. Let z be v(-1). Let y = z + 9. List the prime factors of y.
2
Suppose 5*i - 4*t - 133 = 0, 4*i = -t + 18 + 80. List the prime factors of i.
5
Suppose 0 = -0*t - 4*t. Suppose -2*x + k = -2*k, x + 3*k = t. Suppose 100 = 5*a - 5*o, -2*a + 35 = 3*o - x. What are the prime factors of a?
19
Suppose 0 = 3*c - 3*j - 6, 2*j + 6 = -0. Let u = c - -1. Suppose u*t - 57 = -3*t. List the prime factors of t.
19
Let t(y) = 3*y**3 - 6*y**2 + 4*y + 1. List the prime factors of t(4).
113
Let t = 18 - 16. Suppose 63 = 4*z + o, 0*z + 27 = t*z - o. What are the prime factors of z?
3, 5
Suppose 5*l + 5*f + 21 = 51, -4*l + 2*f = -12. Suppose -126 = -l*q - 26. List the prime factors of q.
5
Let w = -1 + -3. List the prime factors of 2*1*(-46)/w.
23
Suppose 2*a = -0*a - 2*v + 4, -5*v = -25. Let g = a + 11. What are the prime factors of g?
2
Let d(v) = 5*v - 8. List the prime factors of d(6).
2, 11
Suppose 3*x + 125 = 2*y, -5*y - 5*x + 344 = -2*x. What are the prime factors of y?
67
Suppose 0 = 3*y + 2*y. Suppose 4*p - r - 2 - 28 = 0, y = -4*p + 4*r + 24. List the prime factors of p.
2
Suppose f = 4*f - 12. Let o be (f + 9)*(1 - 0). List the prime factors of o - 1*(1 + 0).
2, 3
Let l = 6 + -4. Suppose 3*m - l*m = 18. What are the prime factors of m?
2, 3
Suppose 0 = -x + 3*k + 2*k + 47, 5*x + 3*k - 347 = 0. List the prime factors of x.
67
Let z(f) = 6*f - 7. What are the prime factors of z(4)?
17
List the prime factors of 14880/140 - (-2)/(-7).
2, 53
Suppose -2*h + 40 = 4*p, 2*p = -p - 3*h + 30. Suppose -2*o + p = 2. What are the prime factors of o?
2
Let h(w) = w + 2. Suppose -45 = -5*y + 3*p - 9, 3*y = -4*p + 10. Suppose 4*a - y - 18 = 0. What are the prime factors of h(a)?
2
Let d = 6 - 10. Let p = d - -7. What are the prime factors of p?
3
Let g = 2 + 1. Suppose -s + 2 = -2*h, 3*h - 5*h + g*s - 6 = 0. List the prime factors of h + 6 + -1 + 3.
2
Let y(c) = -30*c - 29. What are the prime factors of y(-6)?
151
Let j be 1*(4/1 + -1). Suppose 3*h - 27 - 9 = 4*x, j*h - 18 = -2*x. What are the prime factors of h?
2
What are the prime factors of (8/6)/((-16)/(-408))?
2, 17
Suppose -3*b + b = -8. Suppose -2*a + 12 = -4*k, a + 4 = -5*k - b. Suppose 0*p - a*p = 2*u + 4, u = -4. List the prime factors of p.
2
Let u(z) = z**3 + 2*z**2. Let p be u(-2). Suppose 2*x - 42 = -p*x. What are the prime factors of x?
3, 7
Let r(h) = -h - 2. Let d(f) = 1. Let b(q) = 2*d(q) + r(q). Suppose -3*k - 21 = 3*t, -t = -0*k - k + 3. List the prime factors of b(k).
2
Suppose 0 = a + 2*g - 36, 3*a - a = 2*g + 96. What are the prime factors of a?
2, 11
Let u(l) = 2*l**3 - 7*l**2 - 3. What are the prime factors of u(5)?
2, 3
What are the prime factors of (44/(-55))/(2/(-775))?
2, 5, 31
Let y(z) = z**3 - 3*z**2 + 2. Let f be y(4). Suppose f = -4*x + 5*x. What are the prime factors of x?
2, 3
Let d(x) = x**3 + 26*x**2 - 37*x + 36. List the prime factors of d(-27).
2, 3, 17
Suppose 0 = 9*c - 14*c + 55. What are the prime factors of c?
11
Suppose -3*q - 3 = -0*q. Let k(p) = 3*p**2 + 1 - 3*p**2 + p + 5*p**2. What are the prime factors of k(q)?
5
Suppose 0 = -4*f + 3 - 7. Let a = f - -17. What are the prime factors of a?
2
Suppose 0 = 5*o - 22 + 2. Suppose 0 = p - 0*a + 2*a - 11, -61 = -5*p - 4*a. Suppose -f - o*h + p = 0, f - 3*h = -0*f + 6. What are the prime factors of f?
3
Let f = 5 - 0. Let u(j) = -j**3 + 5*j**2 + 8*j - 8. Let x be u(6). Suppose -3*d - x*a = -2 - f, 0 = 2*d - 3*a - 16. What are the prime factors of d?
5
Let s(x) = x**2 - 2*x + 1. What are the prime factors of s(7)?
2, 3
Let u be 1/3 - (-56)/21. Let d(w) = w**3 - 3*w**2 + 3. List the prime factors of d(u).
3
Suppose 4*k + 4*p = -p + 92, -5*p - 46 = -2*k. What are the prime factors of k?
23
Let y = 0 + 3. Suppose -7 - y = -5*z. Suppose 5*u - 42 + 0 = 2*b, -2*u - z*b = -28. List the prime factors of u.
2, 5
Suppose 0 = -2*x + x + 5. List the prime factors of x.
5
Let y(w) = 4*w**2. Let k be y(-1). Suppose -14 - 2 = -k*q. Suppose 2*p = q*c - 3 + 1, -5*p - 3*c + 21 = 0. What are the prime factors of p?
3
Suppose 0 = 4*w - 6*w. Suppose l - 41 = -w*l - 4*k, 3*l + k - 68 = 0. List the prime factors of l.
3, 7
Let k(m) = m**2 + 3*m - 3. Let g be k(-3). Let f = -2 - g. What are the prime factors of 9 + 0 + 0 + f?
2, 5
Let x = -80 + 264. List the prime factors of x.
2, 23
What are the prime factors of (-2)/3 + ((-23540)/15)/(-11)?
2, 71
Let o(i) = i - 2. Let z(p) = p**3 - 5*p**2 + 5*p + 2. Let j be z(4). Let b be o(j). Suppose b*l - 39 = 25. List the prime factors of l.
2
Suppose 349 = 6*v - 5. What are the prime factors of v?
59
Let h(y) = -y**2 + 3*y + 3. Let b be h(4). Let t = b + 9. What are the prime factors of t?
2
Let n(u) = -14*u + 3. Let v be n(-5). Suppose -2*r - 31 = v. Let d = -33 - r. What are the prime factors of d?
19
Suppose -5*s + 39 = 4*k, -6*k = -2*k - s - 21. Suppose -4*m = -2*q - 0*q - k, 4*m - 3 = -q. What are the prime factors of ((-9)/(-6))/(q/(-6))?
3
Let w = 7 + -7. Suppose t - 3*t + 46 = w. List the prime factors of t.
23
Let b(v) = -15*v + 1. Suppose 3*m = -1 - 2. What are the prime factors of b(m)?
2
Suppose 2*m + 3*h = 5*m - 54, -4*m - 3*h = -100. List the prime factors of m.
2, 11
List the prime factors of 13/13 - 25*-8.
3, 67
Suppose 18 = 4*t - 5*d, 6 = d - 4*d. Suppose t*h - 7 - 1 = 0. List the prime factors of h.
2
List the prime factors of 0 + -6*9/(-3).
2, 3
Suppose 0*s = -3*s. Suppose 2*l - 13 = -4*m - m, 4*l + m = 17. Suppose d + c - 25 = l*c, s = -3*d + 4*c + 60. What are the prime factors of d?
2
Let a be 563/(-11) + 4/22. Let m = -36 - a. What are the prime factors of m?
3, 5
Suppose 81 = -2*a + 5*q, q = -2*a - q - 60. List the prime factors of 4/(-2)*a/6.
11
Let u be 2 + 4/(-1) - 0. Let h be u/7 - (-23)/7. Suppose -h*c - 4 = -37. List the prime factors of c.
11
Suppose 2*x = s - 0*s - 61, -4*x = 0. What are the prime factors of s?
61
Suppose 5*q + x + 2 = -1, -9 = -2*q + 3*x. Suppose q*h + h = 3. Suppose -4*d + 17 = -h. List the prime factors of d.
5
Suppose -3*x - 2*b + 168 = 0, 2*x - 102 - 10 = 3*b. What are the prime factors of x?
2, 7
Let w = 8 - 3. Suppose 0*f - w*f - 330 = 0. List the prime factors of 1/(-2) + f/(-4).
2
Let j be -19 + 1 + (-4)/(-2). Let h = j - -33. List the prime factors of h.
17
Let k(f) = 33*f - 23. List the prime factors of k(6).
5, 7
Let y(a) = a - 6. What are the prime factors of y(14)?
2
Let v = 68 - -111. What are the prime factors of v?
179
Suppose 4*n - 12 = -g - g, 0 = 5*n + 3*g - 14. Suppose -5*p - 6 = -2*k - 0*p, 0 = -2*k + n*p + 4. Let l = 6 - k. What are the prime factors of l?
2
Let c(l) = 2*l**2 - 6*l. Let s(r) = -r**3 + 5*r**2 + 7*r - 2. Let a be s(6). Let x be c(a). Suppose 14 + x = 2*p. What are the prime factor